{"id":2385,"date":"2017-08-24T08:16:32","date_gmt":"2017-08-24T01:16:32","guid":{"rendered":"http:\/\/belogix.com\/beta\/?page_id=2385"},"modified":"2018-04-04T22:07:58","modified_gmt":"2018-04-04T15:07:58","slug":"belogix-testing-system","status":"publish","type":"page","link":"https:\/\/belogix.com\/index.php\/belogix-testing-system\/","title":{"rendered":"BeLogix Testing System"},"content":{"rendered":"<p>[vc_row][vc_column]<div class=\"sc_section accent_top bg_tint_light\" data-animation=\"animated fadeInUp normal\" style=\"background-color:#f4f7f9;\"><div class=\"sc_section_overlay\" style=\"\"><div class=\"sc_section_content\"><div class=\"sc_content content_wrap\" style=\"margin-top:2.5em !important;margin-bottom:2.5em !important;\"><div class=\"sc_section\" style=\"font-size:1.25em; line-height: 1.3em;\"><img loading=\"lazy\" decoding=\"async\" class=\"alignright wp-image-2393 size-medium_image\" src=\"http:\/\/belogix.com\/beta\/wp-content\/uploads\/2017\/08\/aribilgi-\u00f6\u011frenci-g\u00f6r\u00fc\u015fleri_web-yaz\u0131l\u0131m-400x267.jpg\" alt=\"\" width=\"400\" height=\"267\" srcset=\"https:\/\/belogix.com\/wp-content\/uploads\/2017\/08\/aribilgi-\u00f6\u011frenci-g\u00f6r\u00fc\u015fleri_web-yaz\u0131l\u0131m-400x267.jpg 400w, https:\/\/belogix.com\/wp-content\/uploads\/2017\/08\/aribilgi-\u00f6\u011frenci-g\u00f6r\u00fc\u015fleri_web-yaz\u0131l\u0131m-300x200.jpg 300w, https:\/\/belogix.com\/wp-content\/uploads\/2017\/08\/aribilgi-\u00f6\u011frenci-g\u00f6r\u00fc\u015fleri_web-yaz\u0131l\u0131m-768x512.jpg 768w, https:\/\/belogix.com\/wp-content\/uploads\/2017\/08\/aribilgi-\u00f6\u011frenci-g\u00f6r\u00fc\u015fleri_web-yaz\u0131l\u0131m-1024x683.jpg 1024w, https:\/\/belogix.com\/wp-content\/uploads\/2017\/08\/aribilgi-\u00f6\u011frenci-g\u00f6r\u00fc\u015fleri_web-yaz\u0131l\u0131m-1150x767.jpg 1150w, https:\/\/belogix.com\/wp-content\/uploads\/2017\/08\/aribilgi-\u00f6\u011frenci-g\u00f6r\u00fc\u015fleri_web-yaz\u0131l\u0131m-750x500.jpg 750w, https:\/\/belogix.com\/wp-content\/uploads\/2017\/08\/aribilgi-\u00f6\u011frenci-g\u00f6r\u00fc\u015fleri_web-yaz\u0131l\u0131m-250x167.jpg 250w, https:\/\/belogix.com\/wp-content\/uploads\/2017\/08\/aribilgi-\u00f6\u011frenci-g\u00f6r\u00fc\u015fleri_web-yaz\u0131l\u0131m.jpg 1200w\" sizes=\"auto, (max-width: 400px) 100vw, 400px\" \/>Salah satu tolak ukur untuk menilai keahlian dan kecakapan seseorang dalam bidang IT tertentu adalah mengujinya dengan suatu test atau uji kompetensi. Hasil yang didapat dari uji kompetensi dapat memberi gambaran sejauh mana tingkat keahlian yang sudah dicapai.<\/p>\n<p>Berdasar kepada hal tersebut maka kami mengembangkan sebuah sistem uji kompetensi berbasis komputer yang kami namakan <a href=\"http:\/\/bts.belogix.com\"><span style=\"color: #ff6600;\"><strong>BeLogix Testing System (BTS)<\/strong><\/span><\/a>.<\/p>\n<p>Sistem uji kompetensi ini kami tawarkan untuk semua kalangan, mulai dari kalangan individu, pelajar, mahasiswa, <em>fresh graduate<\/em>, <em>job seeker<\/em>, karyawan, hingga para professional.<\/p>\n<p>Peserta ujian akan berhadapan dengan serangkaian soal atau studi kasus dengan tingkat kesukaran yang bervariasi. Untuk mendapatkan status lulus, maka peserta harus melewati passing score tertentu dan akan mendapatkan sebuah sertifikat khusus sebagai tanda bukti kelulusan.[vc_column_text][\/vc_column_text]<\/div><div class=\"sc_section\" style=\"font-size:1.25em; line-height: 1.3em;\">[vc_single_image image=&#8221;2395&#8243; img_size=&#8221;700&#215;310&#8243; alignment=&#8221;center&#8221; style=&#8221;vc_box_shadow_3d&#8221;]<\/div><div class=\"sc_section\" style=\"margin-top:30px !important;font-size:1.25em; line-height: 1.3em;\">[vc_column_text]Materi ujian kami sajikan dalam bahasa Indonesia, dan disusun serta senantiasa dikembangkan oleh tim kami yang merupakan para praktisi IT di bidangnya.<\/p>\n<p>Berikut adalah materi ujian yang tersedia :[\/vc_column_text]<ul class=\"sc_list sc_list_style_ul\" style=\"margin-top:30px;color:#fa8e29;\"><li class=\"sc_list_item odd first\">[vc_column_text]<strong>Computer Technical Support Fundamental<\/strong>[\/vc_column_text]<\/li><li class=\"sc_list_item even\">[vc_column_text]<strong>Computer Technical Support Advanced<\/strong>[\/vc_column_text]<\/li><li class=\"sc_list_item odd\">[vc_column_text]<strong>Basic Networking<\/strong>[\/vc_column_text]<\/li><li class=\"sc_list_item even\">[vc_column_text]<strong>Security Fundamental<\/strong>[\/vc_column_text]<\/li><li class=\"sc_list_item odd\">[vc_column_text]<strong>Oracle SQL Fundamental<\/strong>[\/vc_column_text]<\/li><li class=\"sc_list_item even\">[vc_column_text]<strong>Transact SQL Server<\/strong>[\/vc_column_text]<\/li><li class=\"sc_list_item odd\">[vc_column_text]<strong>Microsoft C# Fundamental<\/strong>[\/vc_column_text]<\/li><li class=\"sc_list_item even\">[vc_column_text]<strong>Linux Administration<\/strong>[\/vc_column_text]<\/li><\/ul><\/div>[vc_separator style=&#8221;dashed&#8221; border_width=&#8221;2&#8243;]<\/div><div class=\"sc_content content_wrap\" style=\"margin-top:2.5em !important;margin-bottom:2.5em !important;\"><h2 class=\"sc_title sc_title_regular sc_align_center\" style=\"text-align:center;\">KEUNTUNGAN<\/h2><div class=\"columns_wrap sc_columns columns_fluid sc_columns_count_3\" style=\"margin-top:30px;\"><div class=\"column-1_3 sc_column_item sc_column_item_1 odd first\" style=\"text-align:center;\">[vc_icon icon_fontawesome=&#8221;fa fa-money&#8221; color=&#8221;custom&#8221; size=&#8221;xl&#8221; align=&#8221;center&#8221; custom_color=&#8221;#019879&#8243; css=&#8221;.vc_custom_1503542259299{margin-top: 15px !important;margin-bottom: 15px !important;}&#8221;]<div class=\"sc_section aligncenter\" style=\"color:#019879;font-weight:400;\">[vc_column_text]Biaya ujian yang cukup terjangkau.[\/vc_column_text]<\/div><\/div><div class=\"column-1_3 sc_column_item sc_column_item_2 even\" style=\"text-align:center;\">[vc_icon icon_fontawesome=&#8221;fa fa-certificate&#8221; color=&#8221;custom&#8221; size=&#8221;xl&#8221; align=&#8221;center&#8221; custom_color=&#8221;#019879&#8243; css=&#8221;.vc_custom_1503542267722{margin-top: 15px !important;margin-bottom: 15px !important;}&#8221;]<div class=\"sc_section aligncenter\" style=\"color:#019879;font-weight:400;\">[vc_column_text]Memberi gambaran terhadap keahlian yang telah dipelajari\/dicapai.[\/vc_column_text]<\/div><\/div><div class=\"column-1_3 sc_column_item sc_column_item_3 odd\" style=\"text-align:center;\">[vc_icon icon_fontawesome=&#8221;fa fa-graduation-cap&#8221; color=&#8221;custom&#8221; size=&#8221;xl&#8221; align=&#8221;center&#8221; custom_color=&#8221;#019879&#8243; css=&#8221;.vc_custom_1505459209550{margin-top: 15px !important;margin-bottom: 15px !important;}&#8221;]<div class=\"sc_section aligncenter\" style=\"color:#019879;font-weight:400;\">[vc_column_text]Mendapatkan pengakuan tertulis berupa sertifikat kelulusan.[\/vc_column_text]<\/div><\/div><div class=\"column-1_3 sc_column_item sc_column_item_4 even\" style=\"text-align:center;\">[vc_icon icon_fontawesome=&#8221;fa fa-plus&#8221; color=&#8221;custom&#8221; size=&#8221;xl&#8221; align=&#8221;center&#8221; custom_color=&#8221;#019879&#8243; css=&#8221;.vc_custom_1503542277015{margin-top: 15px !important;margin-bottom: 15px !important;}&#8221;]<div class=\"sc_section aligncenter\" style=\"color:#019879;font-weight:400;\">[vc_column_text]Memberi nilai tambah untuk meningkatkan daya saing.[\/vc_column_text]<\/div><\/div><div class=\"column-1_3 sc_column_item sc_column_item_5 odd\" style=\"text-align:center;\">[vc_icon icon_fontawesome=&#8221;fa fa-arrow-up&#8221; color=&#8221;custom&#8221; size=&#8221;xl&#8221; align=&#8221;center&#8221; custom_color=&#8221;#019879&#8243; css=&#8221;.vc_custom_1503542291150{margin-top: 15px !important;margin-bottom: 15px !important;}&#8221;]<div class=\"sc_section aligncenter\" style=\"color:#019879;font-weight:400;\">[vc_column_text]Meningkatkan peluang karir.[\/vc_column_text]<\/div><\/div><div class=\"column-1_3 sc_column_item sc_column_item_6 even\" style=\"text-align:center;\">[vc_icon icon_fontawesome=&#8221;fa fa-thumbs-o-up&#8221; color=&#8221;custom&#8221; size=&#8221;xl&#8221; align=&#8221;center&#8221; custom_color=&#8221;#019879&#8243; css=&#8221;.vc_custom_1503542305662{margin-top: 15px !important;margin-bottom: 15px !important;}&#8221;]<div class=\"sc_section aligncenter\" style=\"color:#019879;font-weight:400;\">[vc_column_text]Perusahaan dapat mengukur kompetensi dan potensi karyawan\/calon karyawan agar sesuai dengan posisi dan lingkup pekerjaan yang dibutuhkan.[\/vc_column_text]<\/div><\/div><div class=\"column-1_3 sc_column_item sc_column_item_7 odd\"><\/div><\/div>[vc_separator style=&#8221;dashed&#8221; border_width=&#8221;2&#8243;]<\/div><\/div><\/div><\/div>[\/vc_column][\/vc_row][vc_row][vc_column]<div class=\"sc_section link_color_bgc bg_tint_dark\"><div class=\"sc_content content_wrap\" style=\"margin-top:3em !important;margin-bottom:3em !important;\"><div id=\"sc_testimonials_1006315579\" class=\"sc_testimonials sc_slider_swiper swiper-slider-container sc_slider_nopagination sc_slider_controls sc_slider_height_fixed aligncenter\" data-old-height=\"12em\" data-interval=\"8403\" style=\"height:12em;width:100%;\"><div class=\"slides swiper-wrapper\"><div class=\"swiper-slide\" data-style=\"width:100%;height:12em;\" style=\"width:100%;height:12em;\"><div class=\"sc_testimonial_item\"><div class=\"sc_testimonial_content\"><p>Saya sangat senang mengikuti training di sini karena tidak ada kuota minimal peserta, dan dilayani dengan trainer yang berpengalaman serta pelayanan yang memuaskan.<\/p>\n<\/div><div class=\"sc_testimonial_author\">Firman Surya - Dosen, Politeknik Negeri Padang<\/div><\/div><\/div><div class=\"swiper-slide\" data-style=\"width:100%;height:12em;\" style=\"width:100%;height:12em;\"><div class=\"sc_testimonial_item\"><div class=\"sc_testimonial_content\"><p>Tempatnya mudah dijangkau dan suasananya sangat cocok untuk belajar. Instrukturnya mempunyai pengalaman serta penyajian materi yang mudah dipahami karena disertai contoh dan latihan.<\/p>\n<\/div><div class=\"sc_testimonial_author\">Yosef Aris - PT. Semen Tonasa<\/div><\/div><\/div><div class=\"swiper-slide\" data-style=\"width:100%;height:12em;\" style=\"width:100%;height:12em;\"><div class=\"sc_testimonial_item\"><div class=\"sc_testimonial_content\"><p>Training di Belogix asyik, instrukturnya sangat menguasai materi dan yang pasti biaya trainingnya lebih terjangkau dari tempat training lain.<\/p>\n<\/div><div class=\"sc_testimonial_author\">Muhammad Iqbal - PT. Surveyor Indonesia<\/div><\/div><\/div><\/div><div class=\"sc_slider_controls_wrap\"><a class=\"sc_slider_prev\" href=\"#\"><\/a><a class=\"sc_slider_next\" href=\"#\"><\/a><\/div><\/div><\/div><\/div>[\/vc_column][\/vc_row]<\/p>\n","protected":false},"excerpt":{"rendered":"<p>[vc_row][vc_column][\/vc_column][\/vc_row][vc_row][vc_column][\/vc_column][\/vc_row]<\/p>\n","protected":false},"author":7,"featured_media":0,"parent":0,"menu_order":0,"comment_status":"open","ping_status":"open","template":"","meta":{"footnotes":""},"class_list":["post-2385","page","type-page","status-publish","hentry"],"_links":{"self":[{"href":"https:\/\/belogix.com\/index.php\/wp-json\/wp\/v2\/pages\/2385","targetHints":{"allow":["GET"]}}],"collection":[{"href":"https:\/\/belogix.com\/index.php\/wp-json\/wp\/v2\/pages"}],"about":[{"href":"https:\/\/belogix.com\/index.php\/wp-json\/wp\/v2\/types\/page"}],"author":[{"embeddable":true,"href":"https:\/\/belogix.com\/index.php\/wp-json\/wp\/v2\/users\/7"}],"replies":[{"embeddable":true,"href":"https:\/\/belogix.com\/index.php\/wp-json\/wp\/v2\/comments?post=2385"}],"version-history":[{"count":0,"href":"https:\/\/belogix.com\/index.php\/wp-json\/wp\/v2\/pages\/2385\/revisions"}],"wp:attachment":[{"href":"https:\/\/belogix.com\/index.php\/wp-json\/wp\/v2\/media?parent=2385"}],"curies":[{"name":"wp","href":"https:\/\/api.w.org\/{rel}","templated":true}]}}